 is the greatest common divisor of 140 and 15690?
10
Calculate the highest common factor of 129 and 115541.
43
What is the greatest common factor of 23 and 1145?
1
What is the highest common divisor of 61128 and 2592?
216
What is the highest common divisor of 94 and 22513?
47
What is the highest common divisor of 1160 and 19160?
40
Calculate the greatest common factor of 576 and 13504.
64
What is the highest common divisor of 102300 and 31?
31
What is the greatest common divisor of 904445 and 1855?
265
Calculate the greatest common factor of 382888 and 2748.
916
Calculate the highest common divisor of 3498 and 2478916.
1166
What is the greatest common divisor of 2025800 and 336?
56
Calculate the highest common factor of 228 and 62548.
76
Calculate the highest common factor of 2771405 and 13.
13
What is the highest common factor of 9 and 411345?
9
What is the greatest common factor of 135 and 50814?
27
Calculate the greatest common divisor of 48 and 40578.
6
What is the highest common divisor of 70187 and 52?
13
Calculate the highest common factor of 550050 and 4632.
1158
What is the highest common factor of 228 and 30932?
76
What is the highest common factor of 94896 and 720?
144
Calculate the highest common factor of 57 and 59763.
3
What is the greatest common divisor of 53 and 21147?
53
What is the highest common divisor of 6973 and 4104?
19
Calculate the highest common divisor of 41 and 844313.
41
Calculate the greatest common divisor of 2408 and 8.
8
What is the greatest common divisor of 290 and 2880?
10
Calculate the greatest common factor of 6180 and 1560.
60
Calculate the greatest common factor of 5929 and 72842.
847
What is the greatest common divisor of 468 and 309348?
468
Calculate the greatest common factor of 240 and 3866160.
240
What is the greatest common divisor of 73540 and 20?
20
What is the highest common divisor of 158727 and 471?
471
What is the highest common divisor of 1716 and 452166?
858
Calculate the highest common divisor of 851415 and 279.
93
Calculate the greatest common factor of 17999 and 1271.
41
What is the greatest common factor of 57972 and 48?
12
Calculate the greatest common factor of 118902 and 9044.
266
What is the greatest common factor of 585 and 49465?
65
What is the greatest common factor of 9 and 69192?
9
What is the greatest common divisor of 130 and 103280?
10
Calculate the greatest common factor of 33 and 1903803.
33
What is the highest common divisor of 6859 and 77?
1
Calculate the highest common divisor of 2002 and 396.
22
What is the greatest common factor of 8554 and 3760?
94
What is the highest common factor of 4845 and 1785?
255
What is the greatest common divisor of 780 and 3780?
60
What is the greatest common factor of 39295 and 29?
29
Calculate the highest common divisor of 13 and 862.
1
Calculate the greatest common divisor of 442 and 2468570.
442
Calculate the highest common divisor of 2505 and 117.
3
Calculate the greatest common divisor of 1690668 and 168.
84
Calculate the greatest common divisor of 134 and 536603.
67
Calculate the highest common factor of 10044 and 94302.
558
What is the highest common divisor of 764750 and 4807?
437
What is the highest common factor of 486 and 56889?
27
Calculate the highest common divisor of 43 and 1018111.
43
What is the greatest common factor of 5138 and 112?
14
What is the greatest common divisor of 474715 and 95?
95
What is the greatest common factor of 106902 and 1062?
18
What is the greatest common divisor of 217639 and 824?
103
Calculate the greatest common factor of 123210 and 40.
10
What is the greatest common divisor of 49178 and 402?
134
Calculate the greatest common divisor of 101 and 4014750.
101
What is the highest common divisor of 9763 and 26?
13
What is the greatest common factor of 302286 and 1743?
249
Calculate the greatest common factor of 247 and 194826.
19
What is the highest common divisor of 28 and 91112?
28
What is the greatest common factor of 95 and 257507?
19
What is the greatest common divisor of 227576 and 104?
8
Calculate the highest common factor of 344035 and 15355.
415
Calculate the highest common factor of 1386 and 3421.
11
Calculate the greatest common divisor of 450 and 163950.
150
Calculate the greatest common factor of 33 and 841214.
11
Calculate the highest common factor of 49840 and 440.
40
What is the highest common divisor of 184182 and 6?
6
Calculate the highest common divisor of 18 and 23886.
18
Calculate the highest common divisor of 301415 and 230.
115
Calculate the greatest common divisor of 98 and 257754.
14
Calculate the highest common divisor of 119175 and 105.
105
Calculate the greatest common divisor of 12696409 and 1331.
1331
Calculate the highest common divisor of 24855 and 1800.
15
Calculate the highest common divisor of 60 and 49660.
20
What is the highest common divisor of 6 and 14394?
6
What is the greatest common divisor of 818 and 614318?
818
Calculate the greatest common factor of 8744 and 24.
8
Calculate the greatest common factor of 2086896 and 448.
112
Calculate the greatest common factor of 17703 and 2016.
63
What is the highest common divisor of 1008 and 5572?
28
Calculate the highest common factor of 96 and 182076.
12
Calculate the greatest common factor of 860068 and 4598.
242
Calculate the greatest common factor of 136116 and 1.
1
Calculate the highest common divisor of 266058 and 585.
117
What is the highest common factor of 315 and 53340?
105
Calculate the highest common factor of 61589 and 847.
121
What is the greatest common divisor of 4820232 and 36?
12
Calculate the highest common divisor of 6103 and 57596.
17
Calculate the greatest common factor of 76 and 860092.
76
Calculate the greatest common divisor of 1456 and 5870592.
1456
Calculate the highest common divisor of 144036 and 36.
36
Calculate the highest common factor of 2537 and 23667673.
2537
Calculate the greatest common factor of 8184 and 651.
93
Calculate the greatest common divisor of 2288 and 8872.
8
Calculate the greatest common divisor of 277880 and 5.
5
Calculate the highest common divisor of 22 and 2280982.
22
What is the greatest common factor of 132185 and 5?
5
Calculate the greatest common factor of 28584 and 552.
24
What is the highest common factor of 1848 and 132216?
168
What is the greatest common factor of 123 and 691711?
41
What is the greatest common factor of 3420621 and 1422?
711
What is the highest common factor of 819 and 3519789?
273
Calculate the greatest common divisor of 2301 and 1506388.
767
Calculate the highest common divisor of 300 and 21525.
75
What is the highest common factor of 249731 and 164?
41
What is the highest common divisor of 108387 and 45?
9
What is the highest common divisor of 271 and 1585621?
271
What is the highest common divisor of 992 and 6541?
31
Calculate the highest common factor of 17188 and 128.
4
What is the greatest common factor of 1620 and 570?
30
What is the highest common factor of 1194829 and 29?
29
Calculate the greatest common divisor of 10298040 and 6.
6
What is the highest common divisor of 5388 and 36?
12
Calculate the greatest common factor of 9 and 47361.
3
What is the greatest common divisor of 8 and 4239800?
8
Calculate the highest common factor of 7620 and 204978.
762
What is the highest common divisor of 4963 and 296362?
709
Calculate the greatest common divisor of 31682 and 146.
146
What is the greatest common factor of 75059 and 141?
47
Calculate the highest common factor of 150242 and 258.
86
What is the greatest common factor of 7184 and 423407?
449
What is the greatest common divisor of 198 and 340406?
22
Calculate the highest common factor of 220 and 902.
22
What is the highest common divisor of 195600 and 8?
8
What is the highest common factor of 302442 and 2394?
798
What is the highest common factor of 37755 and 75?
15
Calculate the greatest common divisor of 32 and 67664.
16
Calculate the greatest common divisor of 512 and 96896.
128
What is the highest common factor of 71640 and 2655?
45
What is the highest common divisor of 537 and 3351954?
537
What is the greatest common factor of 1085 and 20965?
35
What is the greatest common divisor of 261756 and 198?
198
Calculate the highest common factor of 80648 and 119.
17
What is the high